.
3, 7, 53
Let p(k) = -4*k + 29. Let s be p(8). Suppose -5*n + 1 = -4. List the prime factors of s - ((-9 - n) + 1).
2, 3
Suppose 4*s - 21 = 3. Let n be 225/10 + s/(-4). Suppose 0 = -6*b + 9 + n. List the prime factors of b.
5
Suppose 0 = 3*o + 11 + 4. Let m be 12 - (-5)/(o/2). Suppose -5*n - 75 = -m*n. What are the prime factors of n?
3, 5
Let z(s) = -9 - 11 + 20 - 11 - 6*s. Let b be z(-10). Let r = b - 1. What are the prime factors of r?
2, 3
Suppose 0 = 4*u - 548 - 720. Let t = 455 - u. List the prime factors of t.
2, 3, 23
Let g = 1270 + -738. List the prime factors of g.
2, 7, 19
Let l(q) = -q**3 + 28*q**2 - 21*q + 59. What are the prime factors of l(23)?
2221
Let w = -2 + 7. Let o(s) = s**2 - 3*s - 5. Let v be o(w). Suppose v*x = 4*x + 13. What are the prime factors of x?
13
Suppose -i = -5*z + 17, -i - 4*i = z - 19. List the prime factors of z.
2
Suppose i + c = 5*i + 1034, 508 = -2*i + 5*c. List the prime factors of (4 - (i + 8))*(-1)/(-3).
5, 17
Suppose 9*m - 4702 = 518. What are the prime factors of m?
2, 5, 29
Let v be (-4)/(-6)*(-3)/(-6)*-9. List the prime factors of (-2792)/(-20) + v + (-8)/(-20).
137
Let u = 3520 - -169. List the prime factors of u.
7, 17, 31
Let t(c) be the third derivative of 0*c + 0 + 0*c**4 - 8*c**2 + 1/30*c**5 + 1/3*c**3 - 1/30*c**6. List the prime factors of t(-2).
2, 3, 7
Let u be 2 + -3 + 16/4. Let t be u + (-3)/((-6)/190). What are the prime factors of t/2 + 9/3?
2, 13
Let l = 105 - 70. Suppose -l*b = -30*b - 185. What are the prime factors of b?
37
Suppose -2*x = 7*x - 819. List the prime factors of x.
7, 13
Suppose 3*k = 9, 5*g - 5 = k + 7. Suppose 58 = g*z - z. Suppose -5*b = -v + z, 0 = -v - 2*b - b + 5. List the prime factors of v.
2, 7
What are the prime factors of (-11 + 12)/(-1 - (-384)/382)?
191
Let q(l) = l**3 - 4*l**2 + l - 2. Let k be q(4). Let p be (1 - -1)*(-99)/k. Let x = -70 - p. What are the prime factors of x?
29
Let g be (1 - 0)*48/(-4). Let q be ((-5)/2)/((-2)/(-12)). Let i = g - q. What are the prime factors of i?
3
Suppose -3 = -m + 16. Let o(u) = u**2 - 17*u - 26. What are the prime factors of o(m)?
2, 3
Suppose 2*v - 1848 = -4*n + 7*n, -4*v + 3688 = -2*n. What are the prime factors of v?
3, 307
Suppose 198*o + 4668 = 210*o. List the prime factors of o.
389
Let w(c) = c**3 + 11*c**2 + 31*c - 23. List the prime factors of w(10).
7, 11, 31
Let u(k) = 2*k - 15. Let o be u(9). Suppose -3*f - o*t + 39 = 0, 0 = -3*f + t - 6*t + 49. List the prime factors of f.
2
Suppose -3*o = k - 1313, -o - 5269 = -4*k + 4*o. What are the prime factors of k?
2, 7, 47
Let n(a) = a**3 + 14*a**2 + 2*a + 22. What are the prime factors of n(-13)?
3, 5, 11
Suppose 14*v = 6061 + 31753. List the prime factors of v.
37, 73
Let k(n) = 2*n - 17. Let u be k(10). Suppose -o + 67 = 3*f, -u*f + o + 6 + 65 = 0. List the prime factors of f.
23
Let w(c) = c**2 - 17*c + 142. List the prime factors of w(46).
2, 3, 41
Let l(u) = -36*u + 4. Let j be l(-2). Suppose -13*a = -15*a + j. What are the prime factors of a?
2, 19
Let w = 0 + -40. Let k be -1 - w - (0 + -2). What are the prime factors of k + (0 - 2) + 0?
3, 13
Let u(g) = g**2 + 6*g + 3. Let y(d) = -d**3 - 8*d**2 + 11*d + 10. Let w be y(-9). Let t be (w/(-5))/(5/(-25)). What are the prime factors of u(t)?
19
Suppose -5*w + 8 - 3 = 0. Let f be w/3*(26 + 1). What are the prime factors of 19 - (-3 - (2 - f))?
3, 5
Let d(h) = h**2 + 6*h + 5. Suppose -3*g - 5*c = -102, -c = -4*g + 17 + 119. Suppose -2*b - 11 = -3*q, 5*b = -2*q + 3*q - g. What are the prime factors of d(b)?
2, 3
Let l = 865 - 51. What are the prime factors of l?
2, 11, 37
Suppose -4*l - g = l - 1801, -l - 2*g + 353 = 0. Suppose 0 = -2*x + l - 107. List the prime factors of x.
127
Let g(h) = -h**2 - 12*h + 5. Let q(m) = 4*m**2 + 37*m - 16. Let b(o) = 7*g(o) + 2*q(o). Let s be b(10). Suppose 69 = -s*l + 6*l. List the prime factors of l.
23
List the prime factors of -1 + 1883 - (10 + -8).
2, 5, 47
List the prime factors of (5 - (-6 + 86))*-5.
3, 5
Suppose -z = w - 579, 414 + 159 = z - 2*w. List the prime factors of z.
577
Let a(o) = -o**3 + 5*o**2 + 13*o + 5. Let b be a(7). Let x(z) = -2*z**3 + 3*z**2 - z - 2. Let s be x(-5). What are the prime factors of 1/(b/s*-4)?
41
Let z = 392 + 57. Let j = 750 - z. What are the prime factors of j?
7, 43
Let o(n) = -2*n**3 - 4*n**2 - 3*n - 4. Let t(c) = c**2 + 5. Let x be t(0). Suppose -12 = -p + x*p. List the prime factors of o(p).
23
Let f(w) = -4*w + 2. Let s be f(-5). Suppose 3*n - 3 - 6 = 0. Suppose 5*u = -3*r + s, 3*u + 2 = 5*r - n*r. What are the prime factors of r?
2
Suppose 10 = 18*y - 8*y. List the prime factors of (1 - y) + (4 + -128)/(-2).
2, 31
Let r(b) = 1580*b - 47. List the prime factors of r(1).
3, 7, 73
Suppose -30 = 2*j + 2. Let f be (-2)/(4 + 68/j). Let w = f - -24. What are the prime factors of w?
2
Suppose -2 = -t + 2. Suppose o - 226 = -t*z, z = -2*o + o + 58. What are the prime factors of z?
2, 7
Suppose 0 = -11*n + 10*n + 372. Suppose 4*j + 0*f = 2*f + n, -f = -4*j + 370. List the prime factors of j.
2, 23
Suppose 8*h - 13*h = -1005. What are the prime factors of h?
3, 67
Let f(j) = 3*j**2 - 5*j + 9. Let b = 146 - 150. What are the prime factors of f(b)?
7, 11
Suppose -s + 4*k = -2, -10 = 4*s + k - 1. What are the prime factors of (-4640)/(-50) - s/10?
3, 31
Suppose 81 - 29 = 2*a. Let r = a + -7. List the prime factors of r.
19
Let u(p) = -43*p + 54. What are the prime factors of u(-12)?
2, 3, 5, 19
Let k(j) = 62*j - 95. List the prime factors of k(17).
7, 137
Suppose 4*i - 2267 = -223. Suppose 6*t + t - i = 0. List the prime factors of t.
73
Let j(c) = c**3 - 7*c**2 + 9*c + 5. Let g be j(5). Suppose l + w - 3*w = 50, -5*l + w + 286 = g. List the prime factors of l.
2, 29
Let t = 87 + 215. List the prime factors of t.
2, 151
Suppose -5*n + 2*y - 53 + 16 = 0, -4*y - 10 = 2*n. Suppose 4*d + 5*h - 3*h + 106 = 0, 3*h + 103 = -4*d. Let g = n - d. What are the prime factors of g?
3, 7
Let t = 4 + 8. Let h = t + -8. Suppose o - 101 = -h*a, -a - 4*a - 4*o + 140 = 0. List the prime factors of a.
2, 3
Suppose -3*y + 6026 - 806 = 0. List the prime factors of y.
2, 3, 5, 29
Suppose 2*i + 24 = -5*p - 8, 0 = 3*p + 12. Let u(z) = -z**2 - 12*z - 9. What are the prime factors of u(i)?
3
Let v(d) = 3*d - 20. Let c be v(9). Let h = 22 - c. What are the prime factors of h?
3, 5
Let w be ((-12)/9 - 1)*(-7 - -4). List the prime factors of w/21 + 226/6.
2, 19
What are the prime factors of 3 - 7/(14/(-468))?
3, 79
Let d(m) = 8*m + 4. Let y be d(2). Suppose b + 17 = y. List the prime factors of b.
3
Suppose -18*f = -20*f - 6. Let l(x) = 13*x**2 + 3*x - 4. List the prime factors of l(f).
2, 13
Suppose 4*j - 11 - 33 = 0. Suppose 0 = -12*x + j*x + 3. What are the prime factors of ((-130)/(-15))/(1/x)?
2, 13
Let n = 1983 - 1322. What are the prime factors of n?
661
Let h(r) = r**3 - 8*r**2 - 9*r - 13. What are the prime factors of h(12)?
5, 7, 13
Let b = 209 - 137. What are the prime factors of b/1 + -5 + 4?
71
Let l(s) = 168*s + 77. List the prime factors of l(3).
7, 83
Let d(k) = -2*k**2 + 3*k. Let u be d(2). Let c be ((-9)/(-6))/(u/(-8)). Suppose -2*l = -c, -z + 2*l + 39 = -0*z. List the prime factors of z.
3, 5
Let g = 2383 - 708. List the prime factors of g.
5, 67
Let l(f) = -689*f + 2. Let a be l(-1). Suppose a = 3*i + g, 5*i + 14*g = 10*g + 1154. What are the prime factors of i?
2, 5, 23
Suppose 45 = r + 2*i - 24, -5*r + 4*i + 359 = 0. Suppose -3*m = 5*k - 249 - r, 3*k - 203 = -4*m. List the prime factors of k.
61
Suppose -66 = -63*j + 61*j. Let p = j - -8. List the prime factors of p.
41
Let v(n) = n**3 - 18*n**2 + 16*n + 14. Let f be v(17). Let l(q) = q**3 + 4*q**2 - 3. What are the prime factors of l(f)?
2, 3
Let z(d) = d**2 - 13*d + 14. Let j = 28 - 16. Let n be z(j). What are the prime factors of n + -1 - (-25 + -1)?
3
Let y(s) = -43*s + 2. Let h be y(-2). Let q = h - -105. Suppose 5*a + 53 = q. List the prime factors of a.
2, 7
Let n(f) = 2*f**3 - 8*f**2 + 20*f + 1. What are the prime factors of n(7)?
3, 5, 29
Suppose z + 2*i = -3*i + 9, 4*z = -2*i + 18. Suppose -z*g + 105 + 139 = 0. What are the prime factors of g?
61
Let z be -3 + 5/(3 - (0 + 4)). What are the prime factors of 5*28*z/(-20)?
2, 7
List the prime factors of (8/(-20)*-3)/(12/5070).
3, 13
Suppos